{"id":13331,"date":"2018-08-05T21:38:25","date_gmt":"2018-08-05T19:38:25","guid":{"rendered":"https:\/\/wweb.at\/bawp\/?page_id=13331"},"modified":"2018-09-06T16:06:56","modified_gmt":"2018-09-06T14:06:56","slug":"zitronensaeure","status":"publish","type":"page","link":"https:\/\/www.wweb.at\/bawp\/zitronensaeure\/","title":{"rendered":"Zitronens\u00e4ure"},"content":{"rendered":"<div class=\"fusion-fullwidth fullwidth-box fusion-builder-row-1 nonhundred-percent-fullwidth non-hundred-percent-height-scrolling\" style=\"background-color: rgba(255,255,255,0);background-position: center center;background-repeat: no-repeat;padding-top:0px;padding-right:0px;padding-bottom:0px;padding-left:0px;margin-bottom: 0px;margin-top: 0px;border-width: 0px 0px 0px 0px;border-color:#eae9e9;border-style:solid;\" ><div class=\"fusion-builder-row fusion-row\"><div class=\"fusion-layout-column fusion_builder_column fusion-builder-column-0 fusion_builder_column_1_4 1_4 fusion-one-fourth fusion-column-first\" style=\"width:25%;width:calc(25% - ( ( 4% + 4% ) * 0.25 ) );margin-right: 4%;margin-top:0px;margin-bottom:20px;\"><div class=\"fusion-column-wrapper fusion-flex-column-wrapper-legacy\" style=\"background-position:left top;background-repeat:no-repeat;-webkit-background-size:cover;-moz-background-size:cover;-o-background-size:cover;background-size:cover;padding: 0px 0px 0px 0px;\"><span class=\" fusion-imageframe imageframe-none imageframe-1 hover-type-none\" style=\"border-radius:5px;\"><img decoding=\"async\" width=\"200\" height=\"136\" title=\"images\" src=\"https:\/\/wweb.at\/bawp\/wp-content\/uploads\/images-200x136.jpeg\" class=\"img-responsive wp-image-13335\" srcset=\"https:\/\/wweb.at\/bawp\/wp-content\/uploads\/images-200x136.jpeg 200w, https:\/\/wweb.at\/bawp\/wp-content\/uploads\/images.jpeg 272w\" sizes=\"(max-width: 1100px) 100vw, 200px\" \/><\/span><div class=\"fusion-clearfix\"><\/div><\/div><\/div><div class=\"fusion-layout-column fusion_builder_column fusion-builder-column-1 fusion_builder_column_1_2 1_2 fusion-one-half\" style=\"width:50%;width:calc(50% - ( ( 4% + 4% ) * 0.5 ) );margin-right: 4%;margin-top:0px;margin-bottom:20px;\"><div class=\"fusion-column-wrapper fusion-flex-column-wrapper-legacy\" style=\"background-position:left top;background-repeat:no-repeat;-webkit-background-size:cover;-moz-background-size:cover;-o-background-size:cover;background-size:cover;padding: 0px 0px 0px 0px;\"><style type=\"text\/css\"><\/style><div class=\"fusion-title title fusion-title-1 sep-underline sep-solid fusion-title-center fusion-title-text fusion-title-size-two\" style=\"border-bottom-color:#ffffff;margin-top:0px;margin-right:0px;margin-bottom:30px;margin-left:0px;\"><h2 class=\"title-heading-center fusion-responsive-typography-calculated\" style=\"margin:0;--fontSize:34;line-height:1.5;\"><h3>ZITRONENS\u00c4URE<\/h3><\/h2><\/div><style type=\"text\/css\"><\/style><div class=\"fusion-title title fusion-title-2 fusion-sep-none fusion-title-text fusion-title-size-one\" style=\"margin-top:0px;margin-right:0px;margin-bottom:30px;margin-left:0px;\"><h1 class=\"title-heading-left fusion-responsive-typography-calculated\" style=\"margin:0;--fontSize:34;line-height:1.4;\"><h5 style=\"text-align: center;\">Vielseitig verwendbar!<\/h5><\/h1><\/div><div class=\"fusion-text fusion-text-1\"><p>Die Zitronens\u00e4ure (Acidum citricum monohydricum cryst PHE) ist eine nat\u00fcrliche S\u00e4ure und wurde bereits 1784 aus Zitronensaft hergestellt. Seit 1923 wird Zitronens\u00e4ure aus St\u00e4rke gewonnen, wodurch sie f\u00fcr jedermann erschwinglich wurde. Fast 2\/3 der gesamten hergestellten Zitronens\u00e4ure wird in der Lebensmittelindustrie verbraucht. In Fruchts\u00e4ften, Limonaden, Bonbons, Backpulver und anderen Lebensmitteln, die eine nat\u00fcrliche S\u00e4ure erhalten sollen. Au\u00dferdem wird die Zitronens\u00e4ure zur Konservierung eingesetzt.<\/p>\n<p>Eine weitere Funktion der Zitronens\u00e4ure kommt im Haushalt zum Tragen:\u00a0<span id=\"more-1206\"><\/span>Durch ihre entkalkenden Eigenschaften, kann sie hervorragend zum Entkalken in K\u00fcche und Bad eingesetzt werden. Vor allem Haushaltsger\u00e4te, die in direkten Kontakt mit Lebensmitteln kommen, wie z.B. Kaffeemaschinen oder Wasserkocher k\u00f6nnen so auf absolut ungiftige Weise gereinigt werden. Sie ist wesentlich materialschonender als Essig, da sie Gummidichtungen, etc. nicht so schnell angreift. Daher ist sie auch zum Entkalken von Waschmaschinen und Geschirrsp\u00fclern geeignet.<\/p>\n<p><em><strong>Anwendungsm\u00f6glichkeiten<\/strong><\/em><\/p>\n<ul>\n<li>Zitronens\u00e4ure als Weichsp\u00fcler und zum Entkalken der Waschmaschine:<\/li>\n<\/ul>\n<p>2-5 Essl\u00f6ffel (oder auch mehr, je nach Wasserh\u00e4rte) Zitronens\u00e4ure mit 1 Liter Wasser vermischen und in eine leere Weichsp\u00fclerflasche (oder andere Flasche) geben. Pro Waschgang ca. 2 Dosierkappen oder 60 ml in das Weichsp\u00fclerfach geben. Vorteile: Es bleibt gegen\u00fcber handels\u00fcblichen Weichsp\u00fclern kein Tensid auf der W\u00e4sche zur\u00fcck und gleichzeitig wird Kalkablagerungen in der Waschmaschine vorgebeugt und vorhandene werden entfernt.<\/p>\n<ul>\n<li>Entkalken von Haushaltsgegenst\u00e4nden<\/li>\n<\/ul>\n<p>Vorab: Nach der Anwendung gut mit Wasser absp\u00fclen!<br \/>\nZum Entkalken von Armaturen in Bad und K\u00fcche, Duschk\u00f6pfen, Kaffeemaschinen, Tauchsiedern, Wasserkesseln, Wasserkochern, usw. 1-2 Essl\u00f6ffel Zitronens\u00e4ure mit 1 Liter Wasser vermischen und zum Entkalken wie gewohnt verwenden. Man kann die Mischung unbedenklich durch Kaffeemaschinen laufen lassen oder Duschk\u00f6pfe darin einweichen.<br \/>\nMit der gleichen Mischung kann man auch Ablagerungen aus Tee- und Thermoskannen, Tassen, Zahnputzbechern, Vasen, etc. entfernen. Einfach in das zu s\u00e4ubernde Gef\u00e4\u00df geben, evtl. \u00fcber Nacht einweichen lassen, ausb\u00fcrsten und mit warmem Wasser aussp\u00fclen.<\/p>\n<p><em>Quelle: ACM, Haidestra\u00dfe 4, 1110 Wien; Tel.: (01)401 04-1700, Fax: (01)401 04-9170, Mag. Helmut Zimmermann, Karin Bachschw\u00f6ller, Renate Damianitsch, Waltraud H\u00f6rth; Marion Christine Ludwey; Eveline Rieger, Kathrin Renne<\/em><\/p>\n<\/div><div class=\"fusion-clearfix\"><\/div><\/div><\/div><div class=\"fusion-layout-column fusion_builder_column fusion-builder-column-2 fusion_builder_column_1_4 1_4 fusion-one-fourth fusion-column-last\" style=\"width:25%;width:calc(25% - ( ( 4% + 4% ) * 0.25 ) );margin-top:0px;margin-bottom:20px;\"><div class=\"fusion-column-wrapper fusion-flex-column-wrapper-legacy\" style=\"background-position:left top;background-repeat:no-repeat;-webkit-background-size:cover;-moz-background-size:cover;-o-background-size:cover;background-size:cover;padding: 0px 0px 0px 0px;\"><div class=\"fusion-clearfix\"><\/div><\/div><\/div><\/div><\/div>\n","protected":false},"excerpt":{"rendered":"","protected":false},"author":1,"featured_media":0,"parent":0,"menu_order":0,"comment_status":"closed","ping_status":"closed","template":"","meta":{"footnotes":""},"class_list":["post-13331","page","type-page","status-publish","hentry"],"yoast_head":"<!-- This site is optimized with the Yoast SEO plugin v27.3 - https:\/\/yoast.com\/product\/yoast-seo-wordpress\/ -->\n<title>Zitronens\u00e4ure - Bach Apotheke Wien<\/title>\n<meta name=\"robots\" content=\"index, follow, max-snippet:-1, max-image-preview:large, max-video-preview:-1\" \/>\n<link rel=\"canonical\" href=\"https:\/\/www.wweb.at\/bawp\/zitronensaeure\/\" \/>\n<meta property=\"og:locale\" content=\"de_DE\" \/>\n<meta property=\"og:type\" content=\"article\" \/>\n<meta property=\"og:title\" content=\"Zitronens\u00e4ure - Bach Apotheke Wien\" \/>\n<meta property=\"og:url\" content=\"https:\/\/www.wweb.at\/bawp\/zitronensaeure\/\" \/>\n<meta property=\"og:site_name\" content=\"Bach Apotheke Wien\" \/>\n<meta property=\"article:modified_time\" content=\"2018-09-06T14:06:56+00:00\" \/>\n<meta name=\"twitter:card\" content=\"summary_large_image\" \/>\n<meta name=\"twitter:label1\" content=\"Gesch\u00e4tzte Lesezeit\" \/>\n\t<meta name=\"twitter:data1\" content=\"4\u00a0Minuten\" \/>\n<script type=\"application\/ld+json\" class=\"yoast-schema-graph\">{\"@context\":\"https:\\\/\\\/schema.org\",\"@graph\":[{\"@type\":\"WebPage\",\"@id\":\"https:\\\/\\\/www.wweb.at\\\/bawp\\\/zitronensaeure\\\/\",\"url\":\"https:\\\/\\\/www.wweb.at\\\/bawp\\\/zitronensaeure\\\/\",\"name\":\"Zitronens\u00e4ure - Bach Apotheke Wien\",\"isPartOf\":{\"@id\":\"https:\\\/\\\/www.wweb.at\\\/bawp\\\/#website\"},\"datePublished\":\"2018-08-05T19:38:25+00:00\",\"dateModified\":\"2018-09-06T14:06:56+00:00\",\"breadcrumb\":{\"@id\":\"https:\\\/\\\/www.wweb.at\\\/bawp\\\/zitronensaeure\\\/#breadcrumb\"},\"inLanguage\":\"de\",\"potentialAction\":[{\"@type\":\"ReadAction\",\"target\":[\"https:\\\/\\\/www.wweb.at\\\/bawp\\\/zitronensaeure\\\/\"]}]},{\"@type\":\"BreadcrumbList\",\"@id\":\"https:\\\/\\\/www.wweb.at\\\/bawp\\\/zitronensaeure\\\/#breadcrumb\",\"itemListElement\":[{\"@type\":\"ListItem\",\"position\":1,\"name\":\"Startseite\",\"item\":\"https:\\\/\\\/www.wweb.at\\\/bawp\\\/\"},{\"@type\":\"ListItem\",\"position\":2,\"name\":\"Zitronens\u00e4ure\"}]},{\"@type\":\"WebSite\",\"@id\":\"https:\\\/\\\/www.wweb.at\\\/bawp\\\/#website\",\"url\":\"https:\\\/\\\/www.wweb.at\\\/bawp\\\/\",\"name\":\"Bach Apotheke Wien\",\"description\":\"Willkommen\",\"potentialAction\":[{\"@type\":\"SearchAction\",\"target\":{\"@type\":\"EntryPoint\",\"urlTemplate\":\"https:\\\/\\\/www.wweb.at\\\/bawp\\\/?s={search_term_string}\"},\"query-input\":{\"@type\":\"PropertyValueSpecification\",\"valueRequired\":true,\"valueName\":\"search_term_string\"}}],\"inLanguage\":\"de\"}]}<\/script>\n<!-- \/ Yoast SEO plugin. -->","yoast_head_json":{"title":"Zitronens\u00e4ure - Bach Apotheke Wien","robots":{"index":"index","follow":"follow","max-snippet":"max-snippet:-1","max-image-preview":"max-image-preview:large","max-video-preview":"max-video-preview:-1"},"canonical":"https:\/\/www.wweb.at\/bawp\/zitronensaeure\/","og_locale":"de_DE","og_type":"article","og_title":"Zitronens\u00e4ure - Bach Apotheke Wien","og_url":"https:\/\/www.wweb.at\/bawp\/zitronensaeure\/","og_site_name":"Bach Apotheke Wien","article_modified_time":"2018-09-06T14:06:56+00:00","twitter_card":"summary_large_image","twitter_misc":{"Gesch\u00e4tzte Lesezeit":"4\u00a0Minuten"},"schema":{"@context":"https:\/\/schema.org","@graph":[{"@type":"WebPage","@id":"https:\/\/www.wweb.at\/bawp\/zitronensaeure\/","url":"https:\/\/www.wweb.at\/bawp\/zitronensaeure\/","name":"Zitronens\u00e4ure - Bach Apotheke Wien","isPartOf":{"@id":"https:\/\/www.wweb.at\/bawp\/#website"},"datePublished":"2018-08-05T19:38:25+00:00","dateModified":"2018-09-06T14:06:56+00:00","breadcrumb":{"@id":"https:\/\/www.wweb.at\/bawp\/zitronensaeure\/#breadcrumb"},"inLanguage":"de","potentialAction":[{"@type":"ReadAction","target":["https:\/\/www.wweb.at\/bawp\/zitronensaeure\/"]}]},{"@type":"BreadcrumbList","@id":"https:\/\/www.wweb.at\/bawp\/zitronensaeure\/#breadcrumb","itemListElement":[{"@type":"ListItem","position":1,"name":"Startseite","item":"https:\/\/www.wweb.at\/bawp\/"},{"@type":"ListItem","position":2,"name":"Zitronens\u00e4ure"}]},{"@type":"WebSite","@id":"https:\/\/www.wweb.at\/bawp\/#website","url":"https:\/\/www.wweb.at\/bawp\/","name":"Bach Apotheke Wien","description":"Willkommen","potentialAction":[{"@type":"SearchAction","target":{"@type":"EntryPoint","urlTemplate":"https:\/\/www.wweb.at\/bawp\/?s={search_term_string}"},"query-input":{"@type":"PropertyValueSpecification","valueRequired":true,"valueName":"search_term_string"}}],"inLanguage":"de"}]}},"_links":{"self":[{"href":"https:\/\/www.wweb.at\/bawp\/wp-json\/wp\/v2\/pages\/13331","targetHints":{"allow":["GET"]}}],"collection":[{"href":"https:\/\/www.wweb.at\/bawp\/wp-json\/wp\/v2\/pages"}],"about":[{"href":"https:\/\/www.wweb.at\/bawp\/wp-json\/wp\/v2\/types\/page"}],"author":[{"embeddable":true,"href":"https:\/\/www.wweb.at\/bawp\/wp-json\/wp\/v2\/users\/1"}],"replies":[{"embeddable":true,"href":"https:\/\/www.wweb.at\/bawp\/wp-json\/wp\/v2\/comments?post=13331"}],"version-history":[{"count":5,"href":"https:\/\/www.wweb.at\/bawp\/wp-json\/wp\/v2\/pages\/13331\/revisions"}],"predecessor-version":[{"id":13333,"href":"https:\/\/www.wweb.at\/bawp\/wp-json\/wp\/v2\/pages\/13331\/revisions\/13333"}],"wp:attachment":[{"href":"https:\/\/www.wweb.at\/bawp\/wp-json\/wp\/v2\/media?parent=13331"}],"curies":[{"name":"wp","href":"https:\/\/api.w.org\/{rel}","templated":true}]}}